{"id":501,"date":"2022-10-03T15:33:33","date_gmt":"2022-10-03T13:33:33","guid":{"rendered":"https:\/\/riseup-gn.com\/?page_id=501"},"modified":"2025-02-03T18:02:35","modified_gmt":"2025-02-03T17:02:35","slug":"nos-domaines-dactions","status":"publish","type":"page","link":"https:\/\/riseup-gn.com\/index.php\/nos-domaines-dactions\/","title":{"rendered":"Nos Domaines D\u2019Actions"},"content":{"rendered":"\n<ol style=\"list-style-type:1\" class=\"wp-block-list\">\n<li><strong><u>Le conseil strat\u00e9gique&nbsp;:<\/u><\/strong><\/li>\n<\/ol>\n\n\n\n<p class=\"wp-block-paragraph\">Notre \u00e9quipe constitu\u00e9e de sp\u00e9cialistes en communication vous accompagne dans&nbsp; la d\u00e9finition et la mise en \u0153uvre de votre strat\u00e9gie de communication et d\u2019influence. Rise \u2018Up Guin\u00e9e propose une offre unique&nbsp;:<\/p>\n\n\n\n<ul class=\"wp-block-list\">\n<li>Un d\u00e9cryptage en temps r\u00e9el de l\u2019environnement \u00e9conomique, social, m\u00e9diatique et politique dans lequel \u00e9volue votre entreprise&nbsp;;<\/li>\n\n\n\n<li>Un conseil en strat\u00e9gie personnalis\u00e9 apport\u00e9 par une \u00e9quipe exp\u00e9riment\u00e9e aux comp\u00e9tences multidisciplinaires&nbsp;;<\/li>\n\n\n\n<li>Des actions de communication aupr\u00e8s de l\u2019ensemble des parties prenantes&nbsp;: medias, web, pouvoirs publics et acteurs sociaux.<\/li>\n<\/ul>\n\n\n\n<ul class=\"wp-block-list\">\n<li><strong><u>L\u2019\u00e9v\u00e9nementiel\u00a0:<\/u><\/strong><\/li>\n<\/ul>\n\n\n\n<p class=\"wp-block-paragraph\">L\u2019agence Rise \u2018Up Guin\u00e9e con\u00e7oit et r\u00e9alise des \u00e9v\u00e9nements corporate et grand public. Que ce soit l\u2019organisation d\u2019un s\u00e9minaire, d\u2019un salon ou d\u2019une op\u00e9ration de relation presse ou publique, nous proposons \u00e0 nos clients un partenariat sur mesure et cr\u00e9atif afin de leur offrir l\u2019\u00e9v\u00e9nement le plus adapt\u00e9 et le plus impactant en fonction de ses probl\u00e9matiques propres.<\/p>\n\n\n\n<p class=\"wp-block-paragraph\">L\u2019agence Rise \u2018Up Guin\u00e9e s\u2019adresse particuli\u00e8rement aux entreprises qui veulent donner du sens \u00e0 leurs \u00e9v\u00e9nements.<\/p>\n\n\n\n<ul class=\"wp-block-list\">\n<li><strong><u>L\u2019\u00e9dition&nbsp;:<\/u><\/strong><\/li>\n<\/ul>\n\n\n\n<p class=\"wp-block-paragraph\">Nous avons des solutions pour vos projets de communications imprim\u00e9es&nbsp;: <strong>plaquette commerciale, d\u00e9pliants, flyers, affiches 40*60, calendriers, carte de visite, carnets, ent\u00eate, bloc note, journaux d\u2019entreprise, catalogue\u2026..<\/strong> Nous disposons en effet d\u2019une nouvelle g\u00e9n\u00e9ration de presse num\u00e9rique pour vous assurer une r\u00e9activit\u00e9 imbattable et vous offrir des tarifs hautement comp\u00e9titifs.<\/p>\n\n\n\n<ul class=\"wp-block-list\">\n<li><strong><u>Impression &amp; broderie textile&nbsp;:<\/u><\/strong><\/li>\n<\/ul>\n\n\n\n<p class=\"wp-block-paragraph\">Rise \u2018Up Guin\u00e9e dispose d\u2019un atelier sp\u00e9cialis\u00e9 dans l\u2019impression en s\u00e9rigraphie et la broderie sur textile et diff\u00e9rents supports (b\u00e2ches, vinyle). Ainsi, T-shirt, casquette, polos, gilets, stylos, chemises de bureau ou m\u00eame bagagerie peuvent \u00eatre personnalis\u00e9s.<\/p>\n\n\n\n<ul class=\"wp-block-list\">\n<li><strong><u>La production audiovisuelle&nbsp;:<\/u><\/strong><\/li>\n<\/ul>\n\n\n\n<p class=\"wp-block-paragraph\">Rise \u2018Up Guin\u00e9e donne vie \u00e0 vos projets audiovisuels qu\u2019il soit un film entreprise, un spot publicitaire, une vid\u00e9o produit, un film institutionnel ou une web TV. Pour ce faire, nous disposons d\u2019une \u00e9quipe de professionnels en production audiovisuelle, d\u2019un studio hautement \u00e9quip\u00e9 et d\u2019un mat\u00e9riel de derni\u00e8re g\u00e9n\u00e9ration pour r\u00e9pondre \u00e0 tous vos projets audiovisuels.<\/p>\n\n\n\n<ul class=\"wp-block-list\">\n<li><strong><u>La communication digitale&nbsp;:<\/u><\/strong><\/li>\n<\/ul>\n\n\n\n<p class=\"wp-block-paragraph\">Nous accompagnons les PME, Entreprises, ONG, Institutions publiques et priv\u00e9es, Grossistes, Boutiquiers, Restaurateurs, commer\u00e7ants et autres \u00e0 d\u00e9velopper leurs ventes, leurs marques professionnelles et leurs notori\u00e9t\u00e9s sur les r\u00e9seaux sociaux et sur le web. Nous offrons des services de&nbsp;: Community management, Web d\u00e9veloppement, Web design et E-commerce avec une \u00e9quipe de jeunes cadres tr\u00e8s dynamiques capables de booster vos activit\u00e9s de fa\u00e7on SMART.<\/p>\n\n\n\n<ul class=\"wp-block-list\">\n<li><strong><u>Le marketing Op\u00e9rationnel :<\/u><\/strong><\/li>\n<\/ul>\n\n\n\n<p class=\"wp-block-paragraph\">Nous vous accompagnons \u00e0 atteindre vos objectifs strat\u00e9giques \u00e0 travers des <strong>actions<\/strong> <strong>marketing concr\u00e8tes<\/strong> constamment renouvel\u00e9es pour suivre les \u00e9volutions du march\u00e9 et adapter la strat\u00e9gie en&nbsp;fonction&nbsp;des nouvelles tendances.<\/p>\n\n\n\n<p class=\"wp-block-paragraph\">Notre mission est de vous aider \u00e0 <strong>promouvoir<\/strong>&nbsp;vos produits, services et ainsi <strong>d\u00e9velopper<\/strong> vos ventes et votre chiffre d\u2019affaires \u00e0 cours et moyens termes. Nous disposons des moyens techniques, mat\u00e9riels et d\u2019une \u00e9quipe op\u00e9rationnelle tr\u00e8s exp\u00e9riment\u00e9es, pr\u00eate \u00e0 relever tous vos d\u00e9fis dans ce domaine.<\/p>\n","protected":false},"excerpt":{"rendered":"<p>Notre \u00e9quipe constitu\u00e9e de sp\u00e9cialistes en communication vous accompagne dans&nbsp; la d\u00e9finition et la mise en \u0153uvre de votre strat\u00e9gie de communication et d\u2019influence. Rise \u2018Up Guin\u00e9e propose une offre unique&nbsp;: L\u2019agence Rise \u2018Up Guin\u00e9e con\u00e7oit et r\u00e9alise des \u00e9v\u00e9nements corporate et grand public. Que ce soit l\u2019organisation d\u2019un s\u00e9minaire, d\u2019un salon ou d\u2019une op\u00e9ration [&hellip;]<\/p>\n","protected":false},"author":1,"featured_media":0,"parent":0,"menu_order":0,"comment_status":"closed","ping_status":"closed","template":"","meta":{"_crdt_document":"","advanced_seo_description":"","jetpack_seo_html_title":"","jetpack_seo_noindex":false,"jetpack_post_was_ever_published":false,"footnotes":""},"class_list":["post-501","page","type-page","status-publish","hentry"],"jetpack-related-posts":[],"jetpack_shortlink":"https:\/\/wp.me\/PeCXML-85","jetpack_sharing_enabled":true,"_links":{"self":[{"href":"https:\/\/riseup-gn.com\/index.php\/wp-json\/wp\/v2\/pages\/501","targetHints":{"allow":["GET"]}}],"collection":[{"href":"https:\/\/riseup-gn.com\/index.php\/wp-json\/wp\/v2\/pages"}],"about":[{"href":"https:\/\/riseup-gn.com\/index.php\/wp-json\/wp\/v2\/types\/page"}],"author":[{"embeddable":true,"href":"https:\/\/riseup-gn.com\/index.php\/wp-json\/wp\/v2\/users\/1"}],"replies":[{"embeddable":true,"href":"https:\/\/riseup-gn.com\/index.php\/wp-json\/wp\/v2\/comments?post=501"}],"version-history":[{"count":3,"href":"https:\/\/riseup-gn.com\/index.php\/wp-json\/wp\/v2\/pages\/501\/revisions"}],"predecessor-version":[{"id":1975,"href":"https:\/\/riseup-gn.com\/index.php\/wp-json\/wp\/v2\/pages\/501\/revisions\/1975"}],"wp:attachment":[{"href":"https:\/\/riseup-gn.com\/index.php\/wp-json\/wp\/v2\/media?parent=501"}],"curies":[{"name":"wp","href":"https:\/\/api.w.org\/{rel}","templated":true}]}}