{"id":520,"date":"2022-10-03T15:53:30","date_gmt":"2022-10-03T13:53:30","guid":{"rendered":"https:\/\/riseup-gn.com\/?page_id=520"},"modified":"2023-04-25T14:44:57","modified_gmt":"2023-04-25T12:44:57","slug":"la-production-audiovisuelle","status":"publish","type":"page","link":"https:\/\/riseup-gn.com\/index.php\/nos-domaines-dactions\/la-production-audiovisuelle\/","title":{"rendered":"La production audiovisuelle\u00a0"},"content":{"rendered":"\n<figure class=\"wp-block-image size-large\"><img data-recalc-dims=\"1\" fetchpriority=\"high\" decoding=\"async\" width=\"1024\" height=\"511\" src=\"https:\/\/i0.wp.com\/riseup-gn.com\/wp-content\/uploads\/2023\/04\/PROAUDIO-copie.jpg?resize=1024%2C511&#038;ssl=1\" alt=\"\" class=\"wp-image-1579\" srcset=\"https:\/\/i0.wp.com\/riseup-gn.com\/wp-content\/uploads\/2023\/04\/PROAUDIO-copie-scaled.jpg?resize=1024%2C511&amp;ssl=1 1024w, https:\/\/i0.wp.com\/riseup-gn.com\/wp-content\/uploads\/2023\/04\/PROAUDIO-copie-scaled.jpg?resize=300%2C150&amp;ssl=1 300w, https:\/\/i0.wp.com\/riseup-gn.com\/wp-content\/uploads\/2023\/04\/PROAUDIO-copie-scaled.jpg?resize=768%2C384&amp;ssl=1 768w, https:\/\/i0.wp.com\/riseup-gn.com\/wp-content\/uploads\/2023\/04\/PROAUDIO-copie-scaled.jpg?resize=1536%2C767&amp;ssl=1 1536w, https:\/\/i0.wp.com\/riseup-gn.com\/wp-content\/uploads\/2023\/04\/PROAUDIO-copie-scaled.jpg?resize=2048%2C1023&amp;ssl=1 2048w, https:\/\/i0.wp.com\/riseup-gn.com\/wp-content\/uploads\/2023\/04\/PROAUDIO-copie-scaled.jpg?resize=1320%2C659&amp;ssl=1 1320w\" sizes=\"(max-width: 1000px) 100vw, 1000px\" \/><\/figure>\n\n\n\n<p class=\"wp-block-paragraph\">Rise \u2018Up Guin\u00e9e donne vie \u00e0 vos projets audiovisuels qu\u2019il soit un film entreprise, un spot publicitaire, une vid\u00e9o produit, un film institutionnel ou une web TV. Pour ce faire, nous disposons d\u2019une \u00e9quipe de professionnels en production audiovisuelle, d\u2019un studio hautement \u00e9quip\u00e9 et d\u2019un mat\u00e9riel de derni\u00e8re g\u00e9n\u00e9ration pour r\u00e9pondre \u00e0 tous vos projets audiovisuels<\/p>\n","protected":false},"excerpt":{"rendered":"<p>Rise \u2018Up Guin\u00e9e donne vie \u00e0 vos projets audiovisuels qu\u2019il soit un film entreprise, un spot publicitaire, une vid\u00e9o produit, un film institutionnel ou une web TV. Pour ce faire, nous disposons d\u2019une \u00e9quipe de professionnels en production audiovisuelle, d\u2019un studio hautement \u00e9quip\u00e9 et d\u2019un mat\u00e9riel de derni\u00e8re g\u00e9n\u00e9ration pour r\u00e9pondre \u00e0 tous vos projets [&hellip;]<\/p>\n","protected":false},"author":1,"featured_media":0,"parent":501,"menu_order":0,"comment_status":"closed","ping_status":"closed","template":"","meta":{"_crdt_document":"","advanced_seo_description":"","jetpack_seo_html_title":"","jetpack_seo_noindex":false,"jetpack_post_was_ever_published":false,"footnotes":""},"class_list":["post-520","page","type-page","status-publish","hentry"],"jetpack-related-posts":[],"jetpack_shortlink":"https:\/\/wp.me\/PeCXML-8o","jetpack_sharing_enabled":true,"_links":{"self":[{"href":"https:\/\/riseup-gn.com\/index.php\/wp-json\/wp\/v2\/pages\/520","targetHints":{"allow":["GET"]}}],"collection":[{"href":"https:\/\/riseup-gn.com\/index.php\/wp-json\/wp\/v2\/pages"}],"about":[{"href":"https:\/\/riseup-gn.com\/index.php\/wp-json\/wp\/v2\/types\/page"}],"author":[{"embeddable":true,"href":"https:\/\/riseup-gn.com\/index.php\/wp-json\/wp\/v2\/users\/1"}],"replies":[{"embeddable":true,"href":"https:\/\/riseup-gn.com\/index.php\/wp-json\/wp\/v2\/comments?post=520"}],"version-history":[{"count":4,"href":"https:\/\/riseup-gn.com\/index.php\/wp-json\/wp\/v2\/pages\/520\/revisions"}],"predecessor-version":[{"id":1580,"href":"https:\/\/riseup-gn.com\/index.php\/wp-json\/wp\/v2\/pages\/520\/revisions\/1580"}],"up":[{"embeddable":true,"href":"https:\/\/riseup-gn.com\/index.php\/wp-json\/wp\/v2\/pages\/501"}],"wp:attachment":[{"href":"https:\/\/riseup-gn.com\/index.php\/wp-json\/wp\/v2\/media?parent=520"}],"curies":[{"name":"wp","href":"https:\/\/api.w.org\/{rel}","templated":true}]}}